te the greatest common divisor of 1620 and 60.
60
What is the highest common divisor of 255 and 340?
85
Calculate the greatest common divisor of 1412 and 4.
4
What is the highest common divisor of 3612 and 84?
84
Calculate the greatest common divisor of 31 and 279.
31
What is the highest common factor of 999 and 81?
27
What is the highest common divisor of 329 and 47?
47
Calculate the highest common divisor of 11 and 33.
11
What is the highest common factor of 84 and 756?
84
Calculate the greatest common factor of 328 and 3526.
82
What is the highest common factor of 16 and 196?
4
What is the greatest common factor of 90 and 105?
15
What is the greatest common divisor of 56100 and 22?
22
What is the highest common factor of 9 and 129?
3
What is the highest common divisor of 150 and 1650?
150
Calculate the greatest common divisor of 2622 and 228.
114
What is the greatest common factor of 84 and 11508?
84
What is the greatest common factor of 71695 and 65?
65
Calculate the highest common divisor of 8368 and 32.
16
Calculate the highest common divisor of 414 and 36.
18
Calculate the greatest common divisor of 833 and 9282.
119
Calculate the greatest common divisor of 48 and 5448.
24
What is the greatest common factor of 40 and 20?
20
Calculate the highest common factor of 50 and 225.
25
What is the highest common divisor of 112 and 616?
56
Calculate the highest common factor of 196 and 1274.
98
Calculate the highest common divisor of 149 and 51107.
149
What is the highest common factor of 225 and 525?
75
Calculate the highest common factor of 187 and 153.
17
Calculate the greatest common divisor of 1432 and 179.
179
What is the greatest common factor of 155 and 3193?
31
Calculate the highest common factor of 56 and 608.
8
What is the highest common divisor of 469 and 871?
67
What is the greatest common factor of 11008 and 43?
43
What is the highest common factor of 3924 and 108?
36
What is the greatest common divisor of 918 and 216?
54
Calculate the highest common divisor of 77 and 14.
7
Calculate the highest common divisor of 6 and 30.
6
What is the highest common factor of 20 and 35?
5
Calculate the greatest common factor of 30 and 600.
30
Calculate the greatest common factor of 14457 and 366.
183
What is the greatest common factor of 120 and 576?
24
What is the greatest common divisor of 60 and 220?
20
What is the highest common divisor of 2205 and 45?
45
What is the highest common factor of 6923 and 69?
23
Calculate the highest common factor of 48 and 1464.
24
Calculate the highest common divisor of 949 and 511.
73
What is the greatest common factor of 18 and 189?
9
Calculate the highest common factor of 264 and 24.
24
What is the greatest common factor of 119 and 9520?
119
Calculate the greatest common divisor of 99 and 198.
99
Calculate the greatest common divisor of 14314 and 34.
34
Calculate the highest common divisor of 932 and 9553.
233
Calculate the highest common divisor of 3572 and 94.
94
Calculate the greatest common divisor of 2041 and 13.
13
Calculate the highest common factor of 16 and 8752.
16
Calculate the highest common factor of 783 and 203.
29
What is the greatest common factor of 12585 and 15?
15
Calculate the greatest common divisor of 94 and 517.
47
What is the greatest common factor of 280 and 854?
14
Calculate the highest common factor of 96 and 36.
12
What is the greatest common factor of 52 and 39?
13
What is the highest common factor of 198 and 825?
33
What is the highest common divisor of 64 and 8?
8
What is the greatest common divisor of 384 and 24?
24
What is the highest common factor of 1784 and 8?
8
Calculate the highest common divisor of 624 and 1664.
208
Calculate the highest common divisor of 6 and 15.
3
What is the highest common divisor of 20 and 75?
5
What is the highest common divisor of 9494 and 202?
202
Calculate the highest common divisor of 1160 and 435.
145
What is the greatest common factor of 16 and 152?
8
What is the greatest common divisor of 102 and 2108?
34
Calculate the highest common divisor of 35 and 168.
7
What is the greatest common factor of 204 and 1938?
102
Calculate the greatest common factor of 235 and 49585.
235
What is the greatest common factor of 198 and 44?
22
What is the highest common factor of 7 and 33?
1
Calculate the greatest common factor of 2289 and 84.
21
Calculate the greatest common factor of 10414 and 82.
82
What is the highest common divisor of 24 and 856?
8
What is the highest common divisor of 2 and 388?
2
Calculate the greatest common divisor of 108 and 390.
6
What is the highest common factor of 112 and 2704?
16
Calculate the greatest common factor of 120 and 150.
30
What is the highest common divisor of 546 and 84?
42
Calculate the greatest common divisor of 1722 and 84.
42
What is the greatest common divisor of 1058 and 1150?
46
Calculate the highest common factor of 377 and 507.
13
What is the greatest common divisor of 1020 and 45?
15
What is the highest common factor of 49 and 1267?
7
What is the highest common factor of 10486 and 294?
98
What is the highest common divisor of 102 and 153?
51
Calculate the highest common divisor of 9300 and 125.
25
What is the greatest common divisor of 750 and 600?
150
Calculate the greatest common divisor of 340 and 136.
68
What is the highest common factor of 36 and 564?
12
What is the highest common factor of 26 and 559?
13
What is the highest common divisor of 891 and 11?
11
Calculate the highest common factor of 121 and 3553.
11
What is the highest common divisor of 1887 and 51?
51
Calculate the greatest common divisor of 4175 and 200.
25
What is the highest common factor of 52 and 1300?
52
Calculate the greatest common factor of 171 and 627.
57
Calculate the highest common divisor of 15 and 15.
15
Calculate the greatest common divisor of 5690 and 70.
10
Calculate the greatest common factor of 1275 and 75.
75
Calculate the highest common factor of 12002 and 34.
34
What is the highest common factor of 500 and 140?
20
What is the highest common divisor of 18 and 32?
2
What is the greatest common factor of 56 and 70?
14
Calculate the greatest common factor of 8126 and 442.
34
What is the highest common divisor of 198 and 126?
18
What is the highest common divisor of 18 and 1746?
18
Calculate the highest common factor of 312 and 720.
24
Calculate the highest common divisor of 50 and 1775.
25
What is the highest common divisor of 16 and 272?
16
Calculate the greatest common divisor of 799 and 153.
17
What is the greatest common divisor of 342 and 399?
57
Calculate the highest common divisor of 183 and 2867.
61
What is the greatest common factor of 42 and 12894?
42
What is the greatest common divisor of 25 and 1075?
25
Calculate the highest common divisor of 2 and 26.
2
What is the highest common divisor of 10 and 118?
2
What is the highest common divisor of 1668 and 12?
12
Calculate the highest common divisor of 363 and 968.
121
Calculate the highest common factor of 4606 and 98.
98
Calculate the highest common divisor of 1863 and 162.
81
What is the highest common divisor of 5 and 8360?
5
Calculate the highest common factor of 1908 and 180.
36
What is the greatest common factor of 25 and 71275?
25
What is the highest common divisor of 1050 and 20?
10
Calculate the greatest common divisor of 18382 and 546.
182
Calculate the greatest common divisor of 222 and 2516.
74
What is the greatest common factor of 1968 and 192?
48
Calculate the greatest common factor of 2289 and 147.
21
Calculate the greatest common divisor of 36 and 30582.
18
Calculate the highest common divisor of 247 and 57.
19
What is the highest common factor of 13056 and 51?
51
What is the highest common factor of 636 and 252?
12
Calculate the highest common divisor of 434 and 14.
14
Calculate the greatest common factor of 33 and 88.
11
Calculate the highest common factor of 9 and 396.
9
What is the greatest common factor of 44 and 506?
22
Calculate the highest common divisor of 12 and 13732.
4
Calculate the highest common factor of 12 and 732.
12
Calculate the greatest common divisor of 19479 and 86.
43
Calculate the highest common divisor of 512 and 48.
16
Calculate the greatest common factor of 256 and 12416.
128
Calculate the highest common divisor of 9 